{"id":70,"date":"2025-03-15T21:30:50","date_gmt":"2025-03-15T20:30:50","guid":{"rendered":"https:\/\/mon-bon-ami.fr\/?page_id=70"},"modified":"2026-01-07T16:51:06","modified_gmt":"2026-01-07T15:51:06","slug":"connexion","status":"publish","type":"page","link":"https:\/\/mon-bon-ami.fr\/?page_id=70","title":{"rendered":"Connexions"},"content":{"rendered":"\n<figure class=\"wp-block-image size-large\"><img loading=\"lazy\" decoding=\"async\" width=\"768\" height=\"1024\" src=\"https:\/\/mon-bon-ami.fr\/wp-content\/uploads\/2025\/03\/archway-8794913_1920-768x1024.jpg\" alt=\"\" class=\"wp-image-128\" srcset=\"https:\/\/mon-bon-ami.fr\/wp-content\/uploads\/2025\/03\/archway-8794913_1920-768x1024.jpg 768w, https:\/\/mon-bon-ami.fr\/wp-content\/uploads\/2025\/03\/archway-8794913_1920-225x300.jpg 225w, https:\/\/mon-bon-ami.fr\/wp-content\/uploads\/2025\/03\/archway-8794913_1920-1152x1536.jpg 1152w, https:\/\/mon-bon-ami.fr\/wp-content\/uploads\/2025\/03\/archway-8794913_1920-1024x1365.jpg 1024w, https:\/\/mon-bon-ami.fr\/wp-content\/uploads\/2025\/03\/archway-8794913_1920-810x1080.jpg 810w, https:\/\/mon-bon-ami.fr\/wp-content\/uploads\/2025\/03\/archway-8794913_1920.jpg 1440w\" sizes=\"auto, (max-width: 768px) 100vw, 768px\" \/><\/figure>\n\n\n\n<p class=\"has-text-align-center has-large-font-size\"><strong>Mes \u00e9l\u00e8ves :<\/strong><\/p>\n\n\n\n<div class=\"wp-block-group\"><div class=\"wp-block-group__inner-container is-layout-constrained wp-block-group-is-layout-constrained\">\n<p><a href=\"https:\/\/mon-bon-ami.fr\/?page_id=386\" target=\"_blank\" rel=\"noopener nofollow\" title=\"\">Benjamin<\/a> &#8211; <a href=\"https:\/\/mon-bon-ami.fr\/?page_id=389\" target=\"_blank\" rel=\"noopener nofollow\" title=\"\">Emeline<\/a> &#8211; <a href=\"https:\/\/mon-bon-ami.fr\/?page_id=398\" target=\"_blank\" rel=\"noopener nofollow\" title=\"\">Elsa<\/a> &#8211; <a href=\"https:\/\/mon-bon-ami.fr\/?page_id=392\" target=\"_blank\" rel=\"noopener nofollow\" title=\"\">Adrian<\/a> &#8211; <a href=\"https:\/\/mon-bon-ami.fr\/?page_id=364\" target=\"_blank\" rel=\"noopener nofollow\" title=\"\">Boushra<\/a> &#8211; <a href=\"https:\/\/mon-bon-ami.fr\/?page_id=358\" target=\"_blank\" rel=\"noopener nofollow\" title=\"\">Julie<\/a> &#8211; <a href=\"https:\/\/mon-bon-ami.fr\/?page_id=361\" target=\"_blank\" rel=\"noopener nofollow\" title=\"\">Safaa<\/a> &#8211; <a href=\"https:\/\/mon-bon-ami.fr\/?page_id=369\" target=\"_blank\" rel=\"noopener nofollow\" title=\"\">No\u00e9<\/a> &#8211; <a href=\"https:\/\/mon-bon-ami.fr\/?page_id=374\" target=\"_blank\" rel=\"noopener nofollow\" title=\"\">Assia<\/a> &#8211; <a href=\"https:\/\/mon-bon-ami.fr\/?page_id=377\" target=\"_blank\" rel=\"noopener nofollow\" title=\"\">Jaya<\/a> &#8211; <a href=\"https:\/\/mon-bon-ami.fr\/?page_id=383\" target=\"_blank\" rel=\"noopener nofollow\" title=\"\">Lohan<\/a> &#8211; <a href=\"https:\/\/mon-bon-ami.fr\/?page_id=352\" target=\"_blank\" rel=\"noopener nofollow\" title=\"\">Charlize<\/a> &#8211; <a href=\"https:\/\/mon-bon-ami.fr\/?page_id=343\" target=\"_blank\" rel=\"noopener nofollow\" title=\"\">Sarah<\/a> &#8211; <a href=\"https:\/\/mon-bon-ami.fr\/?page_id=339\" target=\"_blank\" rel=\"noopener nofollow\" title=\"\">Ka\u00efssa<\/a> &#8211; <a href=\"https:\/\/mon-bon-ami.fr\/?page_id=380\" target=\"_blank\" rel=\"noopener nofollow\" title=\"\">Idris<\/a> &#8211; <a href=\"https:\/\/mon-bon-ami.fr\/?page_id=500\" target=\"_blank\" rel=\"noopener nofollow\" title=\"\">Laura<\/a> &#8211; <a href=\"https:\/\/mon-bon-ami.fr\/?page_id=510\" target=\"_blank\" rel=\"noopener nofollow\" title=\"\">Yasmeen<\/a> &#8211; <a href=\"https:\/\/mon-bon-ami.fr\/?page_id=520\" target=\"_blank\" rel=\"noopener nofollow\" title=\"\">Farouq<\/a> &#8211; <a href=\"https:\/\/mon-bon-ami.fr\/?page_id=523\" target=\"_blank\" rel=\"noopener nofollow\" title=\"\">Hana<\/a> &#8211; <a href=\"https:\/\/mon-bon-ami.fr\/?page_id=526\" target=\"_blank\" rel=\"noopener nofollow\" title=\"\">Florian<\/a><\/p>\n\n\n\n<p class=\"has-text-align-center has-large-font-size\"><strong>Mes clients :<\/strong><\/p>\n<\/div><\/div>\n\n\n\n<p>Elodie &#8211; Christian &#8211; Jean-Marie &amp; Marie-Bernadette &#8211; Olivier &#8211; Laurent &#8211; Brigitte &#8211; Marc &#8211; Katia &#8211; Cl\u00e9ment &amp; Cindy &#8211; Aline &#8211; Mesdames P &#8211; Baya &#8211; David &#8211; Chiheb &#8211; Vincent &#8211; Maman de Vincent &#8211; Patrice &amp; Marie-Laure &#8211; Catherine &amp; Gilbert &#8211; Reynald &amp; Sandra &#8211; Bernard &#8211; La famille K &#8211; Les Grands-parents K &#8211; &#8230;<\/p>\n\n\n\n<p><\/p>\n","protected":false},"excerpt":{"rendered":"<p>Mes \u00e9l\u00e8ves : Benjamin &#8211; Emeline &#8211; Elsa &#8211; Adrian &#8211; Boushra &#8211; Julie &#8211; Safaa &#8211; No\u00e9 &#8211; Assia &#8211; Jaya &#8211; Lohan &#8211; Charlize &#8211; Sarah &#8211; Ka\u00efssa &#8211; Idris &#8211; Laura &#8211; Yasmeen &#8211; Farouq &#8211; Hana &#8211; Florian Mes clients : Elodie &#8211; Christian &#8211; Jean-Marie &amp; Marie-Bernadette &#8211; Olivier &#8211;&hellip; <br \/> <a class=\"read-more\" href=\"https:\/\/mon-bon-ami.fr\/?page_id=70\">Read more<\/a><\/p>\n","protected":false},"author":1,"featured_media":0,"parent":0,"menu_order":0,"comment_status":"closed","ping_status":"closed","template":"","meta":{"footnotes":""},"class_list":["post-70","page","type-page","status-publish","hentry"],"aioseo_notices":[],"_links":{"self":[{"href":"https:\/\/mon-bon-ami.fr\/index.php?rest_route=\/wp\/v2\/pages\/70","targetHints":{"allow":["GET"]}}],"collection":[{"href":"https:\/\/mon-bon-ami.fr\/index.php?rest_route=\/wp\/v2\/pages"}],"about":[{"href":"https:\/\/mon-bon-ami.fr\/index.php?rest_route=\/wp\/v2\/types\/page"}],"author":[{"embeddable":true,"href":"https:\/\/mon-bon-ami.fr\/index.php?rest_route=\/wp\/v2\/users\/1"}],"replies":[{"embeddable":true,"href":"https:\/\/mon-bon-ami.fr\/index.php?rest_route=%2Fwp%2Fv2%2Fcomments&post=70"}],"version-history":[{"count":29,"href":"https:\/\/mon-bon-ami.fr\/index.php?rest_route=\/wp\/v2\/pages\/70\/revisions"}],"predecessor-version":[{"id":528,"href":"https:\/\/mon-bon-ami.fr\/index.php?rest_route=\/wp\/v2\/pages\/70\/revisions\/528"}],"wp:attachment":[{"href":"https:\/\/mon-bon-ami.fr\/index.php?rest_route=%2Fwp%2Fv2%2Fmedia&parent=70"}],"curies":[{"name":"wp","href":"https:\/\/api.w.org\/{rel}","templated":true}]}}